nds digit of 4366?
4
What is the ten thousands digit of 14695?
1
What is the thousands digit of 64713?
4
What is the thousands digit of 8032?
8
What is the tens digit of 742?
4
What is the thousands digit of 13137?
3
What is the tens digit of 605?
0
What is the ten thousands digit of 16584?
1
What is the thousands digit of 8685?
8
What is the tens digit of 1908?
0
What is the units digit of 1538?
8
What is the tens digit of 2525?
2
What is the units digit of 2519?
9
What is the thousands digit of 16774?
6
What is the units digit of 22149?
9
What is the units digit of 2631?
1
What is the units digit of 1152?
2
What is the thousands digit of 1408?
1
What is the units digit of 1529?
9
What is the units digit of 885?
5
What is the hundreds digit of 3069?
0
What is the thousands digit of 1325?
1
What is the thousands digit of 1517?
1
What is the units digit of 464?
4
What is the tens digit of 30382?
8
What is the hundreds digit of 18330?
3
What is the tens digit of 3507?
0
What is the tens digit of 7473?
7
What is the thousands digit of 7859?
7
What is the units digit of 6849?
9
What is the thousands digit of 1018?
1
What is the units digit of 28742?
2
What is the tens digit of 19404?
0
What is the ten thousands digit of 21213?
2
What is the units digit of 2178?
8
What is the thousands digit of 28050?
8
What is the tens digit of 922?
2
What is the hundreds digit of 225?
2
What is the thousands digit of 6778?
6
What is the thousands digit of 2021?
2
What is the units digit of 535?
5
What is the units digit of 20644?
4
What is the units digit of 1916?
6
What is the thousands digit of 20946?
0
What is the units digit of 14961?
1
What is the units digit of 384?
4
What is the thousands digit of 1386?
1
What is the tens digit of 3648?
4
What is the tens digit of 16319?
1
What is the tens digit of 2576?
7
What is the tens digit of 22962?
6
What is the thousands digit of 17622?
7
What is the hundreds digit of 2336?
3
What is the tens digit of 6155?
5
What is the tens digit of 30899?
9
What is the hundreds digit of 385?
3
What is the tens digit of 523?
2
What is the tens digit of 344?
4
What is the hundreds digit of 1153?
1
What is the thousands digit of 2107?
2
What is the units digit of 6478?
8
What is the units digit of 3201?
1
What is the units digit of 16711?
1
What is the thousands digit of 6616?
6
What is the thousands digit of 14738?
4
What is the units digit of 989?
9
What is the hundreds digit of 2018?
0
What is the units digit of 282?
2
What is the hundreds digit of 4115?
1
What is the units digit of 1766?
6
What is the units digit of 256?
6
What is the tens digit of 2833?
3
What is the tens digit of 170?
7
What is the tens digit of 12853?
5
What is the units digit of 24693?
3
What is the thousands digit of 1727?
1
What is the units digit of 407?
7
What is the thousands digit of 13359?
3
What is the units digit of 583?
3
What is the tens digit of 21420?
2
What is the hundreds digit of 6175?
1
What is the units digit of 5596?
6
What is the tens digit of 2187?
8
What is the units digit of 67831?
1
What is the units digit of 2816?
6
What is the thousands digit of 8111?
8
What is the hundreds digit of 5966?
9
What is the thousands digit of 4248?
4
What is the hundreds digit of 6153?
1
What is the units digit of 17062?
2
What is the thousands digit of 69030?
9
What is the thousands digit of 1133?
1
What is the units digit of 510?
0
What is the units digit of 999?
9
What is the hundreds digit of 9222?
2
What is the tens digit of 552?
5
What is the tens digit of 1608?
0
What is the tens digit of 41295?
9
What is the units digit of 1011?
1
What is the ten thousands digit of 47301?
4
What is the units digit of 6998?
8
What is the thousands digit of 2071?
2
What is the ten thousands digit of 23788?
2
What is the units digit of 202?
2
What is the hundreds digit of 75273?
2
What is the units digit of 3762?
2
What is the thousands digit of 21356?
1
What is the units digit of 32432?
2
What is the hundreds digit of 2662?
6
What is the tens digit of 70776?
7
What is the hundreds digit of 3987?
9
What is the thousands digit of 3588?
3
What is the units digit of 5665?
5
What is the units digit of 679?
9
What is the units digit of 15881?
1
What is the units digit of 2172?
2
What is the units digit of 2338?
8
What is the tens digit of 16346?
4
What is the units digit of 678?
8
What is the thousands digit of 4646?
4
What is the tens digit of 9529?
2
What is the units digit of 1092?
2
What is the tens digit of 117173?
7
What is the units digit of 714?
4
What is the thousands digit of 29638?
9
What is the units digit of 23298?
8
What is the thousands digit of 2901?
2
What is the thousands digit of 16256?
6
What is the hundreds digit of 113639?
6
What is the tens digit of 2306?
0
What is the thousands digit of 1945?
1
What is the thousands digit of 3703?
3
What is the thousands digit of 8091?
8
What is the units digit of 506?
6
What is the tens digit of 107162?
6
What is the thousands digit of 4272?
4
What is the tens digit of 3016?
1
What is the hundreds digit of 558?
5
What is the tens digit of 1388?
8
What is the hundreds digit of 6146?
1
What is the thousands digit of 1128?
1
What is the hundreds digit of 469?
4
What is the ten thousands digit of 37929?
3
What is the units digit of 1793?
3
What is the units digit of 781?
1
What is the hundreds digit of 75630?
6
What is the tens digit of 149?
4
What is the tens digit of 99177?
7
What is the hundreds digit of 866?
8
What is the tens digit of 1245?
4
What is the hundreds digit of 3725?
7
What is the units digit of 2458?
8
What is the units digit of 149?
9
What is the ten thousands digit of 33072?
3
What is the units digit of 242?
2
What is the tens digit of 8686?
8
What is the units digit of 36807?
7
What is the units digit of 8245?
5
What is the units digit of 100?
0
What is the ten thousands digit of 101185?
0
What is the thousands digit of 2045?
2
What is the tens digit of 3284?
8
What is the thousands digit of 1728?
1
What is the units digit of 337?
7
What is the thousands digit of 1979?
1
What is the thousands digit of 2686?
2
What is the ten thousands digit of 23267?
2
What is the tens digit of 9133?
3
What is the units digit of 877?
7
What is the thousands digit of 2863?
2
What is the thousands digit of 1702?
1
What is the units digit of 3562?
2
What is the hundreds digit of 3591?
5
What is the tens digit of 4439?
3
What is the thousands digit of 1672?
1
What is the tens digit of 1386?
8
What is the units digit of 1858?
8
What is the units digit of 29403?
3
What is the tens digit of 3533?
3
What is the ten thousands digit of 73240?
7
What is the units digit of 42806?
6
What is the hundreds digit of 147?
1
What is the ten thousands digit of 32745?
3
What is the tens digit of 52390?
9
What is the thousands digit of 52136?
2
What is the thousands digit of 8961?
8
What is the units digit of 1387?
7
What is the units digit of 11032?
2
What is the units digit of 2673?
3
What is the hundreds digit of 18230?
2
What is the units digit of 392?
2
What is the units digit of 620?
0
What is the thousands digit of 3317?
3
What is the thousands digit of 55379?
5
What is the tens digit of 5901?
0
What is the thousands digit of 27123?
7
What is the ten thousands digit of 125940?
2
What is the hundreds digit of 1856?
8
What is the tens digit of 17106?
0
What is the ten thousands digit of 46195?
4
What is the tens digit of 19261?
6
What is the thousands digit of 25659?
5
What is the units digit of 383?
3
What is the hundreds digit of 1693?
6
What is the units digit of 390?
0
What is the units digit of 962?
2
What is the units digit of 1831?
1
What is the thousands digit of 82603?
2
What is the units digit of 17938?
8
What is the units digit of 11017?
7
What is the ten thousands digit of 26824?
2
What is the hundreds digit of 21019?
0
What is the hundreds digit of 8527?
5
What is the hundreds digit of 28483?
4
What is the tens digit of 1125?
2
What is the tens digit of 4278?
7
What is the thousands digit of 3068?
3
What is the tens digit of 134049?
4
What is the tens digit of 865?
6
What is the hundreds digit of 1469?
4
What is the units digit of 28602?
2
What is the hundreds digit of 1648?
6
What is the thousands digit of 8467